s 4067 a multiple of 7?
True
Is 40857 a multiple of 19?
False
Is 70 a factor of 108570?
True
Does 20 divide 6634?
False
Is 50 a multiple of 9?
False
Does 100 divide 15511?
False
Does 9 divide 6840?
True
Is 16 a factor of 7208?
False
Is 207 a factor of 16119?
False
Does 15 divide 69315?
True
Does 171 divide 513?
True
Is 518 a multiple of 7?
True
Is 539 a multiple of 49?
True
Does 26 divide 104?
True
Is 3528 a multiple of 24?
True
Is 26 a factor of 858?
True
Is 3248 a multiple of 16?
True
Does 86 divide 9896?
False
Is 31212 a multiple of 108?
True
Is 47 a factor of 9266?
False
Does 12 divide 2600?
False
Is 6429 a multiple of 5?
False
Does 119 divide 4046?
True
Does 80 divide 1322?
False
Does 30 divide 65340?
True
Is 330 a multiple of 36?
False
Is 6 a factor of 19644?
True
Does 83 divide 10209?
True
Is 58 a factor of 4921?
False
Is 9 a factor of 1791?
True
Does 3 divide 7883?
False
Is 115 a factor of 2858?
False
Is 63 a factor of 4032?
True
Is 1152 a multiple of 35?
False
Is 10 a factor of 6962?
False
Is 18406 a multiple of 167?
False
Is 1611 a multiple of 9?
True
Does 21 divide 1008?
True
Is 50172 a multiple of 113?
True
Is 1275 a multiple of 15?
True
Is 12 a factor of 2169?
False
Is 193 a multiple of 29?
False
Does 59 divide 50813?
False
Does 13 divide 4875?
True
Is 381 a multiple of 5?
False
Is 50 a factor of 16332?
False
Is 3 a factor of 2268?
True
Is 9 a factor of 2724?
False
Is 5246 a multiple of 22?
False
Is 13051 a multiple of 39?
False
Is 53777 a multiple of 61?
False
Does 56 divide 91552?
False
Is 4826 a multiple of 37?
False
Does 69 divide 2947?
False
Is 8053 a multiple of 135?
False
Is 67 a factor of 15115?
False
Is 547 a multiple of 8?
False
Does 6 divide 40740?
True
Is 13 a factor of 741?
True
Does 9 divide 411?
False
Does 7 divide 26628?
True
Is 30 a factor of 8850?
True
Does 14 divide 9136?
False
Is 18 a factor of 1670?
False
Is 24 a factor of 246?
False
Is 163 a multiple of 51?
False
Does 41 divide 5341?
False
Is 225 a multiple of 8?
False
Does 31 divide 807?
False
Is 9 a factor of 81?
True
Is 14 a factor of 44450?
True
Does 35 divide 43680?
True
Is 12 a factor of 57886?
False
Does 47 divide 2218?
False
Is 12 a factor of 1791?
False
Is 29 a factor of 78?
False
Is 9 a factor of 127224?
True
Is 7105 a multiple of 9?
False
Is 1193 a multiple of 121?
False
Is 24 a factor of 1019?
False
Does 7 divide 133?
True
Is 885 a multiple of 3?
True
Is 4 a factor of 427?
False
Does 66 divide 1716?
True
Is 1359 a multiple of 3?
True
Is 20 a factor of 380?
True
Does 11 divide 37994?
True
Is 14504 a multiple of 28?
True
Is 13974 a multiple of 6?
True
Is 19 a factor of 80636?
True
Is 98 a factor of 2332?
False
Is 4557 a multiple of 35?
False
Does 26 divide 3172?
True
Does 19 divide 123500?
True
Does 38 divide 499?
False
Is 25 a factor of 100?
True
Is 44 a factor of 3888?
False
Does 6 divide 123?
False
Does 86 divide 1204?
True
Is 41 a factor of 1513?
False
Is 98 a factor of 44884?
True
Is 16740 a multiple of 45?
True
Is 28314 a multiple of 9?
True
Does 54 divide 10800?
True
Is 670 a multiple of 10?
True
Does 37 divide 34242?
False
Does 5 divide 410?
True
Is 5076 a multiple of 54?
True
Does 68 divide 46444?
True
Is 9768 a multiple of 66?
True
Does 41 divide 656?
True
Does 149 divide 88655?
True
Is 52935 a multiple of 108?
False
Is 786 a multiple of 13?
False
Is 25 a factor of 20300?
True
Does 151 divide 16457?
False
Is 17799 a multiple of 51?
True
Is 260 a multiple of 10?
True
Does 9 divide 3608?
False
Does 5 divide 2005?
True
Does 44 divide 101640?
True
Is 69 a multiple of 62?
False
Is 58 a factor of 8531?
False
Is 135 a factor of 14040?
True
Is 10 a factor of 6940?
True
Is 3041 a multiple of 18?
False
Does 26 divide 1135?
False
Is 14 a factor of 9842?
True
Is 1087 a multiple of 31?
False
Does 12 divide 1330?
False
Is 127 a multiple of 66?
False
Is 6336 a multiple of 18?
True
Is 299 a multiple of 13?
True
Does 91 divide 2275?
True
Is 21 a factor of 2142?
True
Is 10064 a multiple of 4?
True
Is 11502 a multiple of 81?
True
Is 5573 a multiple of 46?
False
Is 5005 a multiple of 5?
True
Does 8 divide 400?
True
Is 311 a factor of 78994?
True
Is 63 a factor of 16770?
False
Is 5612 a multiple of 122?
True
Is 62 a factor of 18166?
True
Does 83 divide 4316?
True
Does 22 divide 1628?
True
Is 273 a multiple of 21?
True
Is 256 even?
True
Is 316 a multiple of 158?
True
Does 25 divide 5975?
True
Is 6164 a multiple of 24?
False
Does 7 divide 22547?
True
Is 103 a factor of 4635?
True
Does 22 divide 1276?
True
Does 10 divide 32325?
False
Is 3577 a multiple of 49?
True
Is 61 a factor of 1037?
True
Does 14 divide 434?
True
Does 17 divide 297?
False
Is 45 a factor of 436?
False
Is 1687 a multiple of 7?
True
Does 6 divide 774?
True
Is 102 a factor of 26014?
False
Is 602 a multiple of 9?
False
Does 4 divide 40600?
True
Is 131 a factor of 7467?
True
Is 3627 a multiple of 39?
True
Is 2 a factor of 27?
False
Is 9002 a multiple of 15?
False
Is 13 a factor of 429?
True
Is 2 a factor of 1468?
True
Is 43 a factor of 845?
False
Is 451 a multiple of 17?
False
Does 15 divide 520?
False
Is 15 a factor of 4020?
True
Is 19022 a multiple of 7?
False
Does 21 divide 2128?
False
Is 146 a factor of 438?
True
Does 110 divide 220?
True
Does 5 divide 4261?
False
Is 343 a multiple of 19?
False
Does 44 divide 505?
False
Does 20 divide 1620?
True
Is 37 a factor of 10582?
True
Is 5215 a multiple of 22?
False
Does 13 divide 50102?
True
Does 2 divide 1737?
False
Is 45114 a multiple of 25?
False
Does 87 divide 1319?
False
Is 12 a factor of 237?
False
Does 4 divide 1843?
False
Does 2 divide 772?
True
Is 14440 a multiple of 38?
True
Does 12 divide 3502?
False
Is 252 a factor of 35635?
False
Is 17 a factor of 1574?
False
Is 331 a multiple of 7?
False
Does 65 divide 40829?
False
Does 8 divide 437?
False
Is 52 a factor of 572?
True
Is 2610 a multiple of 73?
False
Is 25 a factor of 24250?
True
Is 66 a factor of 72635?
False
Is 4416 a multiple of 24?
True
Is 21 a factor of 1743?
True
Is 14454 a multiple of 61?
False
Does 39 divide 12576?
False
Is 12 a factor of 21408?
True
Does 38 divide 494?
True
Is 162750 a multiple of 93?
True
Does 52 divide 5928?
True
Is 4 a factor of 974?
False
Does 68 divide 16116?
True
Does 88 divide 26645?
False
Is 3040 a multiple of 16?
True
Does 66 divide 2442?
True
Does 13 divide 72?
False
Is 53 a factor of 3074?
True
Does 52 divide 2260?
False
Is 114570 a multiple of 15?
True
Is 9420 a multiple of 3?
True
Does 16 divide 1718?
False
Is 11617 a multiple of 16?
False
Is 90 a factor of 101?
False
Is 39 a factor of 9126?
True
Is 15 a factor of 3900?
True
Is 8 a factor of 17735?
False
Is 6196 a multiple of 5?
False
Does 54 divide 8532?
True
Does 208 divide 27248?
True
Does 19 divide 95?
True
Is 37 a factor of 1656?
False
Does 5 divide 310?
True
Does 17 divide 650?
False
Is 13468 a multiple of 34?
False
Does 3 divide 713?
False
Is 16 a factor of 256?
True
Is 14 a factor of 7064?
False
Is 160996 a multiple of 33?
False
Is 2046 a multiple of 18?
False
Is 31 a factor of 1271?
True
Is 10437 a multiple of 16?
False
Is 16 a factor of 242?
False
Is 36 a factor of 37044?
True
Is 18054 a multiple of 51?
True
Does 49 divide 294?
True
Is 20 a factor of 860?
True
Does 54 divide 716?
False
Does 44 divide 17775?
False
Is 87 a multiple of 3?
True
Does 7 divide 2198?
True
Is 113 a factor of 2946?
False
Is 25 a factor of 75800?
True
Does 60 divide 420?
True
Is 12901 a multiple of 133?
True
Is 74 a factor of 3720?
False
Does 16 divide 72400?
True
Does 25 divide 10359?
False
Is 40 a factor of 592?
False
Is 18150 a multiple of 50?
True
Is 9747 a multiple of 19?
True
Is 3825 a multiple of 15?
True
Is 534 a multiple of 11?
False
Is 1582 a multiple of 65?
False
Does 10 divide 7505?
False
Does 23 divide 276?
True
Does 26 divide 15330?
False
Is 55127 a multiple of 32?
False
Does 20 divide 3720?
True
Does 41 divide 1271?
True
Does 5 divide 972?
False
Is 7 a factor of 1246?
True
Is 25 a factor of 1625?
True
Is 2967 a multiple of 69?
True
Is 2462 a multiple of 76?
False
Is 1344 a multiple of 56?
True
Does 24 divide 2294?
False
Does 26 divide 280?
False
Is 65 a factor of 5765?
False
Is 2856 a multiple of 56?
True
Is 2924 a multiple of 43?
True
Is 13 a factor of 72?
False
Is 3396 a multiple of 65?
False
Is 10